{"id":1087,"date":"2025-03-19T15:07:20","date_gmt":"2025-03-19T15:07:20","guid":{"rendered":"https:\/\/www.activity.co.at\/?page_id=1087"},"modified":"2025-05-08T14:18:17","modified_gmt":"2025-05-08T14:18:17","slug":"body-soul","status":"publish","type":"page","link":"https:\/\/www.activity.co.at\/?page_id=1087","title":{"rendered":"Body &#038; Soul"},"content":{"rendered":"<style>.kb-row-layout-id1087_90e944-45 > .kt-row-column-wrap{align-content:start;}:where(.kb-row-layout-id1087_90e944-45 > .kt-row-column-wrap) > .wp-block-kadence-column{justify-content:start;}.kb-row-layout-id1087_90e944-45 > .kt-row-column-wrap{column-gap:var(--global-kb-gap-md, 2rem);row-gap:var(--global-kb-gap-none, 0rem );max-width:var( --global-content-width, 1290px );padding-left:var(--global-content-edge-padding);padding-right:var(--global-content-edge-padding);padding-top:0px;padding-bottom:0px;grid-template-columns:minmax(0, 1fr);}.kb-row-layout-id1087_90e944-45 > .kt-row-layout-overlay{opacity:0.30;}.kb-row-layout-id1087_90e944-45{z-index:1475;position:relative;}.kb-row-layout-id1087_90e944-45 .kt-row-layout-bottom-sep{height:100px;}.kb-row-layout-id1087_90e944-45 .kt-row-layout-bottom-sep svg{width:100%;}.kb-row-layout-id1087_90e944-45 .kt-row-layout-bottom-sep svg{fill:#ffffff!important;}@media all and (max-width: 1024px){.kb-row-layout-id1087_90e944-45 > .kt-row-column-wrap{grid-template-columns:minmax(0, 1fr);}}@media all and (max-width: 1024px){.kb-row-layout-id1087_90e944-45 .kt-row-layout-bottom-sep{height:px;}}@media all and (max-width: 1024px){.kb-row-layout-id1087_90e944-45 .kt-row-layout-bottom-sep svg{width:%;}}@media all and (max-width: 767px){.kb-row-layout-id1087_90e944-45 > .kt-row-column-wrap{grid-template-columns:minmax(0, 1fr);}.kb-row-layout-id1087_90e944-45 .kt-row-layout-bottom-sep{height:px;}.kb-row-layout-id1087_90e944-45 .kt-row-layout-bottom-sep svg{width:%;}}.kb-row-layout-id1087_90e944-45 {z-index: 10;}<\/style><div class=\"kb-row-layout-wrap kb-row-layout-id1087_90e944-45 alignfull has-theme-palette9-background-color kt-row-has-bg wp-block-kadence-rowlayout\"><div class=\"kt-row-column-wrap kt-has-1-columns kt-row-layout-equal kt-tab-layout-inherit kt-mobile-layout-row kt-row-valign-top kb-theme-content-width\">\n<style>.kadence-column1087_6bf6f0-fd > .kt-inside-inner-col,.kadence-column1087_6bf6f0-fd > .kt-inside-inner-col:before{border-top-left-radius:0px;border-top-right-radius:0px;border-bottom-right-radius:0px;border-bottom-left-radius:0px;}.kadence-column1087_6bf6f0-fd > .kt-inside-inner-col{column-gap:var(--global-kb-gap-sm, 1rem);}.kadence-column1087_6bf6f0-fd > .kt-inside-inner-col{flex-direction:column;}.kadence-column1087_6bf6f0-fd > .kt-inside-inner-col > .aligncenter{width:100%;}.kadence-column1087_6bf6f0-fd > .kt-inside-inner-col:before{opacity:0.3;}.kadence-column1087_6bf6f0-fd{position:relative;}@media all and (max-width: 1024px){.kadence-column1087_6bf6f0-fd > .kt-inside-inner-col{flex-direction:column;justify-content:center;}}@media all and (max-width: 767px){.kadence-column1087_6bf6f0-fd > .kt-inside-inner-col{flex-direction:column;justify-content:center;}}<\/style>\n<div class=\"wp-block-kadence-column kadence-column1087_6bf6f0-fd inner-column-1\"><div class=\"kt-inside-inner-col\">\n<p><\/p>\n\n\n<style>.wp-block-kadence-advancedheading.kt-adv-heading1087_9e8694-5b, .wp-block-kadence-advancedheading.kt-adv-heading1087_9e8694-5b[data-kb-block=\"kb-adv-heading1087_9e8694-5b\"]{max-width:960px;margin-top:0em;margin-bottom:0em;text-align:left;font-size:var(--global-kb-font-size-xl, 3rem);line-height:1.1;font-style:normal;}.wp-block-kadence-advancedheading.kt-adv-heading1087_9e8694-5b mark.kt-highlight, .wp-block-kadence-advancedheading.kt-adv-heading1087_9e8694-5b[data-kb-block=\"kb-adv-heading1087_9e8694-5b\"] mark.kt-highlight{font-style:normal;color:#f76a0c;-webkit-box-decoration-break:clone;box-decoration-break:clone;padding-top:0px;padding-right:0px;padding-bottom:0px;padding-left:0px;}.wp-block-kadence-advancedheading.kt-adv-heading1087_9e8694-5b img.kb-inline-image, .wp-block-kadence-advancedheading.kt-adv-heading1087_9e8694-5b[data-kb-block=\"kb-adv-heading1087_9e8694-5b\"] img.kb-inline-image{width:150px;vertical-align:baseline;}@media all and (max-width: 1024px){.wp-block-kadence-advancedheading.kt-adv-heading1087_9e8694-5b, .wp-block-kadence-advancedheading.kt-adv-heading1087_9e8694-5b[data-kb-block=\"kb-adv-heading1087_9e8694-5b\"]{font-size:42px;line-height:1.1;}}@media all and (max-width: 767px){.wp-block-kadence-advancedheading.kt-adv-heading1087_9e8694-5b, .wp-block-kadence-advancedheading.kt-adv-heading1087_9e8694-5b[data-kb-block=\"kb-adv-heading1087_9e8694-5b\"]{font-size:28px;line-height:1.1;}}<\/style>\n<h1 class=\"kt-adv-heading1087_9e8694-5b wp-block-kadence-advancedheading has-theme-palette-3-color has-text-color\" data-kb-block=\"kb-adv-heading1087_9e8694-5b\">Body &amp; Soul <\/h1>\n\n\n<style>.wp-block-kadence-advancedheading.kt-adv-heading1087_ead43f-c6, .wp-block-kadence-advancedheading.kt-adv-heading1087_ead43f-c6[data-kb-block=\"kb-adv-heading1087_ead43f-c6\"]{margin-top:0px;margin-bottom:var(--global-kb-spacing-md, 2rem);text-align:left;font-size:var(--global-kb-font-size-lg, 2rem);line-height:1.3;font-style:normal;font-family:var( --global-body-font-family, inherit );}.wp-block-kadence-advancedheading.kt-adv-heading1087_ead43f-c6 mark.kt-highlight, .wp-block-kadence-advancedheading.kt-adv-heading1087_ead43f-c6[data-kb-block=\"kb-adv-heading1087_ead43f-c6\"] mark.kt-highlight{font-style:normal;color:#f76a0c;-webkit-box-decoration-break:clone;box-decoration-break:clone;padding-top:0px;padding-right:0px;padding-bottom:0px;padding-left:0px;}.wp-block-kadence-advancedheading.kt-adv-heading1087_ead43f-c6 img.kb-inline-image, .wp-block-kadence-advancedheading.kt-adv-heading1087_ead43f-c6[data-kb-block=\"kb-adv-heading1087_ead43f-c6\"] img.kb-inline-image{width:150px;vertical-align:baseline;}@media all and (max-width: 1024px){.wp-block-kadence-advancedheading.kt-adv-heading1087_ead43f-c6, .wp-block-kadence-advancedheading.kt-adv-heading1087_ead43f-c6[data-kb-block=\"kb-adv-heading1087_ead43f-c6\"]{font-size:var(--global-kb-font-size-md, 1.25rem);line-height:1.3;}}@media all and (max-width: 767px){.wp-block-kadence-advancedheading.kt-adv-heading1087_ead43f-c6, .wp-block-kadence-advancedheading.kt-adv-heading1087_ead43f-c6[data-kb-block=\"kb-adv-heading1087_ead43f-c6\"]{font-size:var(--global-kb-font-size-md, 1.25rem);line-height:1.3;}}<\/style>\n<p class=\"kt-adv-heading1087_ead43f-c6 wp-block-kadence-advancedheading\" data-kb-block=\"kb-adv-heading1087_ead43f-c6\">Fitness f\u00fcr K\u00f6rper und Seele  <\/p>\n<\/div><\/div>\n\n<\/div><\/div>\n\n<style>.kb-row-layout-id1087_52be25-aa > .kt-row-column-wrap{align-content:start;}:where(.kb-row-layout-id1087_52be25-aa > .kt-row-column-wrap) > .wp-block-kadence-column{justify-content:start;}.kb-row-layout-id1087_52be25-aa > .kt-row-column-wrap{column-gap:var(--global-kb-gap-md, 2rem);row-gap:var(--global-kb-gap-md, 2rem);padding-top:var(--global-kb-spacing-sm, 1.5rem);padding-bottom:var(--global-kb-spacing-sm, 1.5rem);grid-template-columns:minmax(0, 1fr);}.kb-row-layout-id1087_52be25-aa > .kt-row-layout-overlay{opacity:0.30;}@media all and (max-width: 1024px){.kb-row-layout-id1087_52be25-aa > .kt-row-column-wrap{padding-top:var(--global-kb-spacing-lg, 3rem);grid-template-columns:minmax(0, 1fr);}}@media all and (max-width: 767px){.kb-row-layout-id1087_52be25-aa > .kt-row-column-wrap{grid-template-columns:minmax(0, 1fr);}}<\/style><div class=\"kb-row-layout-wrap kb-row-layout-id1087_52be25-aa alignfull has-theme-palette8-background-color kt-row-has-bg wp-block-kadence-rowlayout\"><div class=\"kt-row-column-wrap kt-has-1-columns kt-row-layout-equal kt-tab-layout-inherit kt-mobile-layout-row kt-row-valign-top\">\n<style>.kadence-column1087_f3dc2b-b5 > .kt-inside-inner-col,.kadence-column1087_f3dc2b-b5 > .kt-inside-inner-col:before{border-top-left-radius:0px;border-top-right-radius:0px;border-bottom-right-radius:0px;border-bottom-left-radius:0px;}.kadence-column1087_f3dc2b-b5 > .kt-inside-inner-col{column-gap:var(--global-kb-gap-sm, 1rem);}.kadence-column1087_f3dc2b-b5 > .kt-inside-inner-col{flex-direction:column;}.kadence-column1087_f3dc2b-b5 > .kt-inside-inner-col > .aligncenter{width:100%;}.kadence-column1087_f3dc2b-b5 > .kt-inside-inner-col:before{opacity:0.3;}.kadence-column1087_f3dc2b-b5{position:relative;}@media all and (max-width: 1024px){.kadence-column1087_f3dc2b-b5 > .kt-inside-inner-col{flex-direction:column;justify-content:center;}}@media all and (max-width: 767px){.kadence-column1087_f3dc2b-b5 > .kt-inside-inner-col{flex-direction:column;justify-content:center;}}<\/style>\n<div class=\"wp-block-kadence-column kadence-column1087_f3dc2b-b5\"><div class=\"kt-inside-inner-col\"><style>.kb-row-layout-id1087_895fdc-4a > .kt-row-column-wrap{align-content:start;}:where(.kb-row-layout-id1087_895fdc-4a > .kt-row-column-wrap) > .wp-block-kadence-column{justify-content:start;}.kb-row-layout-id1087_895fdc-4a > .kt-row-column-wrap{column-gap:var(--global-kb-gap-lg, 4rem);row-gap:var(--global-kb-gap-lg, 4rem);max-width:var( --global-content-width, 1290px );padding-left:var(--global-content-edge-padding);padding-right:var(--global-content-edge-padding);padding-top:0px;padding-right:0px;padding-bottom:0px;padding-left:0px;grid-template-columns:repeat(2, minmax(0, 1fr));}.kb-row-layout-id1087_895fdc-4a > .kt-row-layout-overlay{opacity:0.30;}@media all and (max-width: 1024px){.kb-row-layout-id1087_895fdc-4a > .kt-row-column-wrap{padding-right:var(--global-kb-spacing-4xl, 8rem);padding-left:var(--global-kb-spacing-4xl, 8rem);grid-template-columns:minmax(0, 1fr);}}@media all and (max-width: 767px){.kb-row-layout-id1087_895fdc-4a > .kt-row-column-wrap{padding-right:0px;padding-left:0px;grid-template-columns:minmax(0, 1fr);}}<\/style><div class=\"kb-row-layout-wrap kb-row-layout-id1087_895fdc-4a alignnone wp-block-kadence-rowlayout\"><div class=\"kt-row-column-wrap kt-has-2-columns kt-row-layout-equal kt-tab-layout-row kt-mobile-layout-row kt-row-valign-top kb-theme-content-width\">\n<style>.kadence-column1087_f90004-ba > .kt-inside-inner-col,.kadence-column1087_f90004-ba > .kt-inside-inner-col:before{border-top-left-radius:0px;border-top-right-radius:0px;border-bottom-right-radius:0px;border-bottom-left-radius:0px;}.kadence-column1087_f90004-ba > .kt-inside-inner-col{column-gap:var(--global-kb-gap-sm, 1rem);}.kadence-column1087_f90004-ba > .kt-inside-inner-col{flex-direction:column;}.kadence-column1087_f90004-ba > .kt-inside-inner-col > .aligncenter{width:100%;}.kadence-column1087_f90004-ba > .kt-inside-inner-col:before{opacity:0.3;}.kadence-column1087_f90004-ba{position:relative;}@media all and (max-width: 1024px){.kadence-column1087_f90004-ba > .kt-inside-inner-col{flex-direction:column;justify-content:center;}}@media all and (max-width: 767px){.kadence-column1087_f90004-ba > .kt-inside-inner-col{flex-direction:column;justify-content:center;}}<\/style>\n<div class=\"wp-block-kadence-column kadence-column1087_f90004-ba\"><div class=\"kt-inside-inner-col\"><style>.kb-image1087_888e98-22 .kb-image-has-overlay:after{opacity:0.3;border-bottom-left-radius:80px;}.kb-image1087_888e98-22 img.kb-img, .kb-image1087_888e98-22 .kb-img img{border-bottom-left-radius:80px;}<\/style>\n<figure class=\"wp-block-kadence-image kb-image1087_888e98-22 size-large kb-image-is-ratio-size\"><div class=\"kb-is-ratio-image kb-image-ratio-land43\"><img loading=\"lazy\" decoding=\"async\" width=\"1024\" height=\"1024\" src=\"https:\/\/www.activity.co.at\/wp-content\/uploads\/2025\/02\/bad-163505_1280-1024x1024.jpg\" alt=\"\" class=\"kb-img wp-image-1053\" srcset=\"https:\/\/www.activity.co.at\/wp-content\/uploads\/2025\/02\/bad-163505_1280-1024x1024.jpg 1024w, https:\/\/www.activity.co.at\/wp-content\/uploads\/2025\/02\/bad-163505_1280-300x300.jpg 300w, https:\/\/www.activity.co.at\/wp-content\/uploads\/2025\/02\/bad-163505_1280-150x150.jpg 150w, https:\/\/www.activity.co.at\/wp-content\/uploads\/2025\/02\/bad-163505_1280-768x768.jpg 768w, https:\/\/www.activity.co.at\/wp-content\/uploads\/2025\/02\/bad-163505_1280.jpg 1280w\" sizes=\"auto, (max-width: 1024px) 100vw, 1024px\" \/><\/div><\/figure>\n<\/div><\/div>\n\n\n<style>.kadence-column1087_e445bb-34 > .kt-inside-inner-col{display:flex;}.kadence-column1087_e445bb-34 > .kt-inside-inner-col,.kadence-column1087_e445bb-34 > .kt-inside-inner-col:before{border-top-left-radius:0px;border-top-right-radius:0px;border-bottom-right-radius:0px;border-bottom-left-radius:0px;}.kadence-column1087_e445bb-34 > .kt-inside-inner-col{column-gap:var(--global-kb-gap-sm, 1rem);}.kadence-column1087_e445bb-34 > .kt-inside-inner-col{flex-direction:column;justify-content:center;}.kadence-column1087_e445bb-34 > .kt-inside-inner-col > .aligncenter{width:100%;}.kt-row-column-wrap > .kadence-column1087_e445bb-34{align-self:center;}.kt-inner-column-height-full:not(.kt-has-1-columns) > .wp-block-kadence-column.kadence-column1087_e445bb-34{align-self:auto;}.kt-inner-column-height-full:not(.kt-has-1-columns) > .wp-block-kadence-column.kadence-column1087_e445bb-34 > .kt-inside-inner-col{flex-direction:column;justify-content:center;}.kadence-column1087_e445bb-34 > .kt-inside-inner-col:before{opacity:0.3;}.kadence-column1087_e445bb-34{position:relative;}@media all and (max-width: 1024px){.kt-row-column-wrap > .kadence-column1087_e445bb-34{align-self:center;}}@media all and (max-width: 1024px){.kt-inner-column-height-full:not(.kt-has-1-columns) > .wp-block-kadence-column.kadence-column1087_e445bb-34{align-self:auto;}}@media all and (max-width: 1024px){.kt-inner-column-height-full:not(.kt-has-1-columns) > .wp-block-kadence-column.kadence-column1087_e445bb-34 > .kt-inside-inner-col{flex-direction:column;justify-content:center;}}@media all and (max-width: 1024px){.kadence-column1087_e445bb-34 > .kt-inside-inner-col{flex-direction:column;justify-content:center;}}@media all and (max-width: 767px){.kt-row-column-wrap > .kadence-column1087_e445bb-34{align-self:center;}.kt-inner-column-height-full:not(.kt-has-1-columns) > .wp-block-kadence-column.kadence-column1087_e445bb-34{align-self:auto;}.kt-inner-column-height-full:not(.kt-has-1-columns) > .wp-block-kadence-column.kadence-column1087_e445bb-34 > .kt-inside-inner-col{flex-direction:column;justify-content:center;}.kadence-column1087_e445bb-34 > .kt-inside-inner-col{flex-direction:column;justify-content:center;}}<\/style>\n<div class=\"wp-block-kadence-column kadence-column1087_e445bb-34\"><div class=\"kt-inside-inner-col\"><style>.wp-block-kadence-advancedheading.kt-adv-heading1087_f8c984-1b, .wp-block-kadence-advancedheading.kt-adv-heading1087_f8c984-1b[data-kb-block=\"kb-adv-heading1087_f8c984-1b\"]{font-size:var(--global-kb-font-size-md, 1.25rem);font-style:normal;font-family:var( --global-body-font-family, inherit );}.wp-block-kadence-advancedheading.kt-adv-heading1087_f8c984-1b mark.kt-highlight, .wp-block-kadence-advancedheading.kt-adv-heading1087_f8c984-1b[data-kb-block=\"kb-adv-heading1087_f8c984-1b\"] mark.kt-highlight{font-style:normal;color:#f76a0c;-webkit-box-decoration-break:clone;box-decoration-break:clone;padding-top:0px;padding-right:0px;padding-bottom:0px;padding-left:0px;}.wp-block-kadence-advancedheading.kt-adv-heading1087_f8c984-1b img.kb-inline-image, .wp-block-kadence-advancedheading.kt-adv-heading1087_f8c984-1b[data-kb-block=\"kb-adv-heading1087_f8c984-1b\"] img.kb-inline-image{width:150px;vertical-align:baseline;}<\/style>\n<h2 class=\"kt-adv-heading1087_f8c984-1b wp-block-kadence-advancedheading\" data-kb-block=\"kb-adv-heading1087_f8c984-1b\"><strong>Gesundheit allgemein<\/strong><\/h2>\n\n\n\n<ul class=\"wp-block-list\">\n<li class=\"has-medium-font-size\">Einflussfaktoren auf unsere Gesundheit <\/li>\n\n\n\n<li class=\"has-medium-font-size\">Das Modell der Wohlf\u00fchl-Balance <\/li>\n\n\n\n<li class=\"has-medium-font-size\">Reflexion individueller gesundheitsbezogener Verhaltensmuster <\/li>\n\n\n\n<li class=\"has-medium-font-size\">Sichtbar machen konkreter Ansatzpunkte f\u00fcr Verbesserungen<\/li>\n<\/ul>\n<\/div><\/div>\n\n<\/div><\/div><\/div><\/div>\n\n<\/div><\/div>\n\n<style>.kb-row-layout-id1087_2b765c-61 > .kt-row-column-wrap{align-content:start;}:where(.kb-row-layout-id1087_2b765c-61 > .kt-row-column-wrap) > .wp-block-kadence-column{justify-content:start;}.kb-row-layout-id1087_2b765c-61 > .kt-row-column-wrap{column-gap:var(--global-kb-gap-md, 2rem);row-gap:var(--global-kb-gap-md, 2rem);padding-bottom:var(--global-kb-spacing-sm, 1.5rem);grid-template-columns:minmax(0, 1fr);}.kb-row-layout-id1087_2b765c-61 > .kt-row-layout-overlay{opacity:0.30;}@media all and (max-width: 1024px){.kb-row-layout-id1087_2b765c-61 > .kt-row-column-wrap{padding-top:var(--global-kb-spacing-sm, 1.5rem);grid-template-columns:minmax(0, 1fr);}}@media all and (max-width: 767px){.kb-row-layout-id1087_2b765c-61 > .kt-row-column-wrap{padding-top:var(--global-kb-spacing-sm, 1.5rem);grid-template-columns:minmax(0, 1fr);}}<\/style><div class=\"kb-row-layout-wrap kb-row-layout-id1087_2b765c-61 alignnone wp-block-kadence-rowlayout\"><div class=\"kt-row-column-wrap kt-has-1-columns kt-row-layout-equal kt-tab-layout-inherit kt-mobile-layout-row kt-row-valign-top\">\n<style>.kadence-column1087_8a973f-c7 > .kt-inside-inner-col,.kadence-column1087_8a973f-c7 > .kt-inside-inner-col:before{border-top-left-radius:0px;border-top-right-radius:0px;border-bottom-right-radius:0px;border-bottom-left-radius:0px;}.kadence-column1087_8a973f-c7 > .kt-inside-inner-col{column-gap:var(--global-kb-gap-sm, 1rem);}.kadence-column1087_8a973f-c7 > .kt-inside-inner-col{flex-direction:column;}.kadence-column1087_8a973f-c7 > .kt-inside-inner-col > .aligncenter{width:100%;}.kadence-column1087_8a973f-c7 > .kt-inside-inner-col:before{opacity:0.3;}.kadence-column1087_8a973f-c7{position:relative;}@media all and (max-width: 1024px){.kadence-column1087_8a973f-c7 > .kt-inside-inner-col{flex-direction:column;justify-content:center;}}@media all and (max-width: 767px){.kadence-column1087_8a973f-c7 > .kt-inside-inner-col{flex-direction:column;justify-content:center;}}<\/style>\n<div class=\"wp-block-kadence-column kadence-column1087_8a973f-c7\"><div class=\"kt-inside-inner-col\"><style>.wp-block-kadence-advancedheading.kt-adv-heading1087_a7085d-90, .wp-block-kadence-advancedheading.kt-adv-heading1087_a7085d-90[data-kb-block=\"kb-adv-heading1087_a7085d-90\"]{font-style:normal;}.wp-block-kadence-advancedheading.kt-adv-heading1087_a7085d-90 mark.kt-highlight, .wp-block-kadence-advancedheading.kt-adv-heading1087_a7085d-90[data-kb-block=\"kb-adv-heading1087_a7085d-90\"] mark.kt-highlight{font-style:normal;color:#f76a0c;-webkit-box-decoration-break:clone;box-decoration-break:clone;padding-top:0px;padding-right:0px;padding-bottom:0px;padding-left:0px;}.wp-block-kadence-advancedheading.kt-adv-heading1087_a7085d-90 img.kb-inline-image, .wp-block-kadence-advancedheading.kt-adv-heading1087_a7085d-90[data-kb-block=\"kb-adv-heading1087_a7085d-90\"] img.kb-inline-image{width:150px;vertical-align:baseline;}<\/style>\n<h2 class=\"kt-adv-heading1087_a7085d-90 wp-block-kadence-advancedheading\" data-kb-block=\"kb-adv-heading1087_a7085d-90\"><\/h2>\n\n\n\n<p><\/p>\n\n\n<style>.wp-block-kadence-advancedheading.kt-adv-heading1087_a9fe0a-9e, .wp-block-kadence-advancedheading.kt-adv-heading1087_a9fe0a-9e[data-kb-block=\"kb-adv-heading1087_a9fe0a-9e\"]{text-align:left;font-size:30px;font-style:normal;}.wp-block-kadence-advancedheading.kt-adv-heading1087_a9fe0a-9e mark.kt-highlight, .wp-block-kadence-advancedheading.kt-adv-heading1087_a9fe0a-9e[data-kb-block=\"kb-adv-heading1087_a9fe0a-9e\"] mark.kt-highlight{font-style:normal;color:#f76a0c;-webkit-box-decoration-break:clone;box-decoration-break:clone;padding-top:0px;padding-right:0px;padding-bottom:0px;padding-left:0px;}.wp-block-kadence-advancedheading.kt-adv-heading1087_a9fe0a-9e img.kb-inline-image, .wp-block-kadence-advancedheading.kt-adv-heading1087_a9fe0a-9e[data-kb-block=\"kb-adv-heading1087_a9fe0a-9e\"] img.kb-inline-image{width:150px;vertical-align:baseline;}<\/style>\n<h2 class=\"kt-adv-heading1087_a9fe0a-9e wp-block-kadence-advancedheading\" data-kb-block=\"kb-adv-heading1087_a9fe0a-9e\">Inhalte<\/h2>\n\n\n<style>.kb-row-layout-id1087_8009cc-9d > .kt-row-column-wrap{align-content:center;}:where(.kb-row-layout-id1087_8009cc-9d > .kt-row-column-wrap) > .wp-block-kadence-column{justify-content:center;}.kb-row-layout-id1087_8009cc-9d > .kt-row-column-wrap{column-gap:var(--global-kb-gap-md, 2rem);row-gap:var(--global-kb-gap-md, 2rem);padding-top:var(--global-kb-spacing-sm, 1.5rem);padding-bottom:var(--global-kb-spacing-xxl, 5rem);grid-template-columns:minmax(0, calc(50% - ((var(--global-kb-gap-md, 2rem) * 1 )\/2)))minmax(0, calc(50% - ((var(--global-kb-gap-md, 2rem) * 1 )\/2)));}.kb-row-layout-id1087_8009cc-9d > .kt-row-layout-overlay{opacity:0.30;}@media all and (max-width: 1024px){.kb-row-layout-id1087_8009cc-9d > .kt-row-column-wrap{padding-bottom:var(--global-kb-spacing-lg, 3rem);grid-template-columns:repeat(2, minmax(0, 1fr));}}@media all and (max-width: 767px){.kb-row-layout-id1087_8009cc-9d > .kt-row-column-wrap{grid-template-columns:minmax(0, 1fr);}}<\/style><div class=\"kb-row-layout-wrap kb-row-layout-id1087_8009cc-9d alignnone wp-block-kadence-rowlayout\"><div class=\"kt-row-column-wrap kt-has-2-columns kt-row-layout-equal kt-tab-layout-inherit kt-mobile-layout-row kt-row-valign-middle\">\n<style>.kadence-column1087_8535b6-32 > .kt-inside-inner-col,.kadence-column1087_8535b6-32 > .kt-inside-inner-col:before{border-top-left-radius:0px;border-top-right-radius:0px;border-bottom-right-radius:0px;border-bottom-left-radius:0px;}.kadence-column1087_8535b6-32 > .kt-inside-inner-col{column-gap:var(--global-kb-gap-sm, 1rem);}.kadence-column1087_8535b6-32 > .kt-inside-inner-col{flex-direction:column;}.kadence-column1087_8535b6-32 > .kt-inside-inner-col > .aligncenter{width:100%;}.kadence-column1087_8535b6-32 > .kt-inside-inner-col:before{opacity:0.3;}.kadence-column1087_8535b6-32{position:relative;}@media all and (max-width: 1024px){.kadence-column1087_8535b6-32 > .kt-inside-inner-col{flex-direction:column;justify-content:center;}}@media all and (max-width: 767px){.kadence-column1087_8535b6-32 > .kt-inside-inner-col{flex-direction:column;justify-content:center;}}<\/style>\n<div class=\"wp-block-kadence-column kadence-column1087_8535b6-32\"><div class=\"kt-inside-inner-col\">\n<p class=\"has-medium-font-size\"><strong>Body <\/strong><\/p>\n\n\n\n<ul class=\"wp-block-list\">\n<li class=\"has-medium-font-size\">Bewegung als zentrales Element eines gesundheitsorientierten Lebensstils <\/li>\n\n\n\n<li class=\"has-medium-font-size\">&#8222;Wie fit bin ich?&#8220; &#8211; einfache Fitnesstests zur Beurteilung der aktuellen gesundheitsbezogenen Fitness (2km-Gehtest, BMI, Taillen-H\u00fcft-Quotient)<\/li>\n\n\n\n<li class=\"has-medium-font-size\">Mobilisations- und Kr\u00e4ftigungs\u00fcbungen w\u00e4hrend der Arbeit und zu Hause <\/li>\n\n\n\n<li class=\"has-medium-font-size\">Ern\u00e4hrung anders betrachtet <\/li>\n\n\n\n<li class=\"has-medium-font-size\">effektives Gewichtsmanagement &#8211; die kalorische Gleichung als Bindeglied zwischen Bewegung und Ern\u00e4hrung <\/li>\n\n\n\n<li class=\"has-medium-font-size\">Die Sache mit dem &#8222;inneren Schweinehund&#8220; &#8211; Tipps und Tricks, sich dauerhaft f\u00fcr einen gesundheitsf\u00f6rderlichen Lebensstil zu motivieren <\/li>\n<\/ul>\n<\/div><\/div>\n\n\n<style>.kadence-column1087_e6b98c-98 > .kt-inside-inner-col,.kadence-column1087_e6b98c-98 > .kt-inside-inner-col:before{border-top-left-radius:0px;border-top-right-radius:0px;border-bottom-right-radius:0px;border-bottom-left-radius:0px;}.kadence-column1087_e6b98c-98 > .kt-inside-inner-col{column-gap:var(--global-kb-gap-sm, 1rem);}.kadence-column1087_e6b98c-98 > .kt-inside-inner-col{flex-direction:column;}.kadence-column1087_e6b98c-98 > .kt-inside-inner-col > .aligncenter{width:100%;}.kadence-column1087_e6b98c-98 > .kt-inside-inner-col:before{opacity:0.3;}.kadence-column1087_e6b98c-98{position:relative;}@media all and (max-width: 1024px){.kadence-column1087_e6b98c-98 > .kt-inside-inner-col{flex-direction:column;justify-content:center;}}@media all and (max-width: 767px){.kadence-column1087_e6b98c-98 > .kt-inside-inner-col{flex-direction:column;justify-content:center;}}<\/style>\n<div class=\"wp-block-kadence-column kadence-column1087_e6b98c-98\"><div class=\"kt-inside-inner-col\">\n<p class=\"has-medium-font-size\"><strong>Soul<\/strong><\/p>\n\n\n\n<ul class=\"wp-block-list\">\n<li class=\"has-medium-font-size\">Die Macht der Gedanken nutzen <\/li>\n\n\n\n<li class=\"has-medium-font-size\">Umgang mit Belastungen &#8211; Das Anforderungen-Ressourcen-Modell <\/li>\n\n\n\n<li class=\"has-medium-font-size\">Mein &#8222;Seelentank&#8220; &#8211; von Krafttankstellen und Energier\u00e4ubern<\/li>\n\n\n\n<li class=\"has-medium-font-size\">Die Gestaltung positiver sozialer Beziehungen und ihre Bedeutung f\u00fcr unser seelisches Wohlbefinden <\/li>\n\n\n\n<li class=\"has-medium-font-size\">Circle of influence &#8211; circle of concern <\/li>\n\n\n\n<li class=\"has-medium-font-size\">Zahlreiche praktische Tools aus den Bereichen Positive Psychologie, Gl\u00fccks- und Gehirnforschung <\/li>\n<\/ul>\n<\/div><\/div>\n\n<\/div><\/div><\/div><\/div>\n\n<\/div><\/div>\n\n\n<div class=\"wp-block-buttons is-layout-flex wp-block-buttons-is-layout-flex\">\n<div class=\"wp-block-button\"><a class=\"wp-block-button__link wp-element-button\" href=\"https:\/\/www.activity.co.at\/?page_id=24\">Zur\u00fcck<\/a><\/div>\n<\/div>\n\n\n\n<p><\/p>\n","protected":false},"excerpt":{"rendered":"<p>Body &amp; Soul Fitness f\u00fcr K\u00f6rper und Seele Gesundheit allgemein Inhalte Body Soul<\/p>\n","protected":false},"author":1,"featured_media":0,"parent":0,"menu_order":0,"comment_status":"closed","ping_status":"closed","template":"","meta":{"_kadence_starter_templates_imported_post":true,"_kad_post_transparent":"default","_kad_post_title":"","_kad_post_layout":"normal","_kad_post_sidebar_id":"","_kad_post_content_style":"default","_kad_post_vertical_padding":"","_kad_post_feature":"","_kad_post_feature_position":"","_kad_post_header":false,"_kad_post_footer":false,"footnotes":""},"class_list":["post-1087","page","type-page","status-publish","hentry"],"_links":{"self":[{"href":"https:\/\/www.activity.co.at\/index.php?rest_route=\/wp\/v2\/pages\/1087","targetHints":{"allow":["GET"]}}],"collection":[{"href":"https:\/\/www.activity.co.at\/index.php?rest_route=\/wp\/v2\/pages"}],"about":[{"href":"https:\/\/www.activity.co.at\/index.php?rest_route=\/wp\/v2\/types\/page"}],"author":[{"embeddable":true,"href":"https:\/\/www.activity.co.at\/index.php?rest_route=\/wp\/v2\/users\/1"}],"replies":[{"embeddable":true,"href":"https:\/\/www.activity.co.at\/index.php?rest_route=%2Fwp%2Fv2%2Fcomments&post=1087"}],"version-history":[{"count":6,"href":"https:\/\/www.activity.co.at\/index.php?rest_route=\/wp\/v2\/pages\/1087\/revisions"}],"predecessor-version":[{"id":1290,"href":"https:\/\/www.activity.co.at\/index.php?rest_route=\/wp\/v2\/pages\/1087\/revisions\/1290"}],"wp:attachment":[{"href":"https:\/\/www.activity.co.at\/index.php?rest_route=%2Fwp%2Fv2%2Fmedia&parent=1087"}],"curies":[{"name":"wp","href":"https:\/\/api.w.org\/{rel}","templated":true}]}}